{"id":198,"date":"2021-03-28T20:44:25","date_gmt":"2021-03-28T18:44:25","guid":{"rendered":"https:\/\/svw-tennis.lima-city.de\/?page_id=198"},"modified":"2026-01-04T16:32:06","modified_gmt":"2026-01-04T15:32:06","slug":"kontakt","status":"publish","type":"page","link":"https:\/\/svw-tennis.lima-city.de\/index.php\/kontakt\/","title":{"rendered":"Kontakt"},"content":{"rendered":"\n<p>Ihr erreicht uns \u00fcber:<\/p>\n\n\n\n<p>email: tennis[at]sv-weetzen.de<\/p>\n\n\n\n<p>Ansprechpartner: J\u00f6rg Steinigans und Bernd K\u00f6nig<\/p>\n","protected":false},"excerpt":{"rendered":"<p>Ihr erreicht uns \u00fcber: email: tennis[at]sv-weetzen.de Ansprechpartner: J\u00f6rg Steinigans und Bernd K\u00f6nig<\/p>\n","protected":false},"author":1,"featured_media":0,"parent":0,"menu_order":20,"comment_status":"closed","ping_status":"closed","template":"","meta":{"footnotes":""},"class_list":["post-198","page","type-page","status-publish","hentry"],"_links":{"self":[{"href":"https:\/\/svw-tennis.lima-city.de\/index.php\/wp-json\/wp\/v2\/pages\/198","targetHints":{"allow":["GET"]}}],"collection":[{"href":"https:\/\/svw-tennis.lima-city.de\/index.php\/wp-json\/wp\/v2\/pages"}],"about":[{"href":"https:\/\/svw-tennis.lima-city.de\/index.php\/wp-json\/wp\/v2\/types\/page"}],"author":[{"embeddable":true,"href":"https:\/\/svw-tennis.lima-city.de\/index.php\/wp-json\/wp\/v2\/users\/1"}],"replies":[{"embeddable":true,"href":"https:\/\/svw-tennis.lima-city.de\/index.php\/wp-json\/wp\/v2\/comments?post=198"}],"version-history":[{"count":4,"href":"https:\/\/svw-tennis.lima-city.de\/index.php\/wp-json\/wp\/v2\/pages\/198\/revisions"}],"predecessor-version":[{"id":1211,"href":"https:\/\/svw-tennis.lima-city.de\/index.php\/wp-json\/wp\/v2\/pages\/198\/revisions\/1211"}],"wp:attachment":[{"href":"https:\/\/svw-tennis.lima-city.de\/index.php\/wp-json\/wp\/v2\/media?parent=198"}],"curies":[{"name":"wp","href":"https:\/\/api.w.org\/{rel}","templated":true}]}}