{"id":249,"date":"2021-04-09T19:30:51","date_gmt":"2021-04-09T17:30:51","guid":{"rendered":"https:\/\/svw-tennis.lima-city.de\/?post_type=event&#038;p=249"},"modified":"2021-04-18T17:34:55","modified_gmt":"2021-04-18T15:34:55","slug":"offizielle-platzeroeffnung-2021","status":"publish","type":"event","link":"https:\/\/svw-tennis.lima-city.de\/index.php\/event\/offizielle-platzeroeffnung-2021\/","title":{"rendered":"Offizielle Platzer\u00f6ffnung 2021"},"content":{"rendered":"<p>Liebe Tennisfreunde und Spartenmitglieder des SV Weetzen. <br \/>Bereits kurz vor Ostern sind unsere 3 Tennispl\u00e4tze gr\u00fcndlich bearbeitet und mit einer neuen Sandschicht versehen worden. <\/p>\n<p>Jetzt ist es so weit! Die Tennispl\u00e4tze k\u00f6nnen <b>ab kommenden Freitag (23.04.2021)<\/b> zur Nutzung <b>freigegeben <\/b>werden. Die Freiluftsaison 2021 in Weetzen beginnt!<br \/>Leider k\u00f6nnen wir auch in diesem Jahr keine &#8222;Platzer\u00f6ffnung&#8220; als Event gemeinsam feiern.<\/p>\n<p>Wie in jedem Jahr eine Bitte: <u>Gebt nicht gleich Vollgas! Und benutzt vorerst Tennis-Hallenschuhe mit glatten Sohlen zum Spielen.<\/u> Die Pl\u00e4tze sind noch etwas weich.<br \/>L\u00f6cher und Kuhlen auf den Pl\u00e4tzen bitte umgehend zuschieben und festtreten. Nach dem Spielen bitte nicht nur das Spielfeld, sondern den ganzen Platz bis zum Rand mit der Matte oder dem Besen abziehen.<br \/>Wer Unkraut auf den Pl\u00e4tzen findet, darf es gerne vorsichtig herauszupfen!<\/p>\n","protected":false},"excerpt":{"rendered":"<p>Liebe Tennisfreunde und Spartenmitglieder des SV Weetzen. Bereits kurz vor Ostern sind unsere 3 Tennispl\u00e4tze gr\u00fcndlich bearbeitet und mit einer neuen Sandschicht versehen worden. Jetzt ist es so weit! Die Tennispl\u00e4tze k\u00f6nnen ab kommenden Freitag (23.04.2021) zur Nutzung freigegeben werden. Die Freiluftsaison 2021 in Weetzen beginnt!Leider k\u00f6nnen wir auch in diesem Jahr keine &#8222;Platzer\u00f6ffnung&#8220; als &hellip; <a href=\"https:\/\/svw-tennis.lima-city.de\/index.php\/event\/offizielle-platzeroeffnung-2021\/\" class=\"more-link\"><span class=\"screen-reader-text\">Offizielle Platzer\u00f6ffnung 2021<\/span> weiterlesen<\/a><\/p>\n","protected":false},"author":1,"featured_media":0,"comment_status":"closed","ping_status":"open","template":"","categories":[1],"tags":[],"class_list":["post-249","event","type-event","status-publish","hentry","category-allgemein"],"_links":{"self":[{"href":"https:\/\/svw-tennis.lima-city.de\/index.php\/wp-json\/wp\/v2\/event\/249","targetHints":{"allow":["GET"]}}],"collection":[{"href":"https:\/\/svw-tennis.lima-city.de\/index.php\/wp-json\/wp\/v2\/event"}],"about":[{"href":"https:\/\/svw-tennis.lima-city.de\/index.php\/wp-json\/wp\/v2\/types\/event"}],"author":[{"embeddable":true,"href":"https:\/\/svw-tennis.lima-city.de\/index.php\/wp-json\/wp\/v2\/users\/1"}],"replies":[{"embeddable":true,"href":"https:\/\/svw-tennis.lima-city.de\/index.php\/wp-json\/wp\/v2\/comments?post=249"}],"version-history":[{"count":3,"href":"https:\/\/svw-tennis.lima-city.de\/index.php\/wp-json\/wp\/v2\/event\/249\/revisions"}],"predecessor-version":[{"id":270,"href":"https:\/\/svw-tennis.lima-city.de\/index.php\/wp-json\/wp\/v2\/event\/249\/revisions\/270"}],"wp:attachment":[{"href":"https:\/\/svw-tennis.lima-city.de\/index.php\/wp-json\/wp\/v2\/media?parent=249"}],"wp:term":[{"taxonomy":"category","embeddable":true,"href":"https:\/\/svw-tennis.lima-city.de\/index.php\/wp-json\/wp\/v2\/categories?post=249"},{"taxonomy":"post_tag","embeddable":true,"href":"https:\/\/svw-tennis.lima-city.de\/index.php\/wp-json\/wp\/v2\/tags?post=249"}],"curies":[{"name":"wp","href":"https:\/\/api.w.org\/{rel}","templated":true}]}}

Offizielle Platzeröffnung 2021

<p>Liebe Tennisfreunde und Spartenmitglieder des SV Weetzen. <br />Bereits kurz vor Ostern sind unsere 3 Tennisplätze gründlich bearbeitet und mit einer neuen Sandschicht versehen worden. </p>
<p>Jetzt ist es so weit! Die Tennisplätze können <b>ab kommenden Freitag (23.04.2021)</b> zur Nutzung <b>freigegeben </b>werden. Die Freiluftsaison 2021 in Weetzen beginnt!<br />Leider können wir auch in diesem Jahr keine &#8222;Platzeröffnung&#8220; als Event gemeinsam feiern.</p>
<p>Wie in jedem Jahr eine Bitte: <u>Gebt nicht gleich Vollgas! Und benutzt vorerst Tennis-Hallenschuhe mit glatten Sohlen zum Spielen.</u> Die Plätze sind noch etwas weich.<br />Löcher und Kuhlen auf den Plätzen bitte umgehend zuschieben und festtreten. Nach dem Spielen bitte nicht nur das Spielfeld, sondern den ganzen Platz bis zum Rand mit der Matte oder dem Besen abziehen.<br />Wer Unkraut auf den Plätzen findet, darf es gerne vorsichtig herauszupfen!</p>

<p>Liebe Tennisfreunde und Spartenmitglieder des SV Weetzen. Bereits kurz vor Ostern sind unsere 3 Tennisplätze gründlich bearbeitet und mit einer neuen Sandschicht versehen worden. Jetzt ist es so weit! Die Tennisplätze können ab kommenden Freitag (23.04.2021) zur Nutzung freigegeben werden. Die Freiluftsaison 2021 in Weetzen beginnt!Leider können wir auch in diesem Jahr keine &#8222;Platzeröffnung&#8220; als &hellip; <a href="https://svw-tennis.lima-city.de/index.php/event/offizielle-platzeroeffnung-2021/" class="more-link"><span class="screen-reader-text">Offizielle Platzeröffnung 2021</span> weiterlesen</a></p>
